{"id":408,"date":"2023-02-02T21:50:20","date_gmt":"2023-02-02T21:50:20","guid":{"rendered":"https:\/\/vadebyte.com\/?page_id=408"},"modified":"2023-02-28T19:27:11","modified_gmt":"2023-02-28T22:27:11","slug":"15c42-web-agency-gb-about-us-2","status":"publish","type":"page","link":"https:\/\/vadebyte.com\/index.php\/15c42-web-agency-gb-about-us-2\/","title":{"rendered":"About Us #2"},"content":{"rendered":"\n<div class=\"wp-block-cover alignfull\" style=\"min-height:583px;aspect-ratio:unset;\"><span aria-hidden=\"true\" class=\"wp-block-cover__background has-nv-dark-bg-background-color has-background-dim-100 has-background-dim\"><\/span><div class=\"wp-block-cover__inner-container is-layout-flow wp-block-cover-is-layout-flow\">\n<div style=\"height:80px\" aria-hidden=\"true\" class=\"wp-block-spacer\"><\/div>\n\n\n\n<div class=\"wp-block-columns alignwide are-vertically-aligned-center is-layout-flex wp-container-core-columns-is-layout-9d6595d7 wp-block-columns-is-layout-flex\">\n<div class=\"wp-block-column is-vertically-aligned-center is-layout-flow wp-block-column-is-layout-flow\" style=\"flex-basis:50%\">\n<h1 class=\"has-nv-text-dark-bg-color has-text-color wp-block-heading\">Obcecados pelo cliente, pessoas e resultados<\/h1>\n\n\n\n<p class=\"has-nv-text-dark-bg-color has-text-color\">Somos movidos pela necessidade do cliente. Acreditamos que as pessoas s\u00e3o o motor das realiza\u00e7\u00f5es. N\u00e3o importa se o cen\u00e1rio \u00e9 simples ou complexo, com profissionais preparados, metodologias \u00e1geis e tecnologias modernas adicionamos valor ao seu neg\u00f3cio. <\/p>\n\n\n\n<p>Planejamos, desenvolvemos e entregamos o produto ideal para o seu projeto. Juntamos gest\u00e3o \u00e1gil, desenho e engenharia de software para criar solu\u00e7\u00f5es digitais que aceleram o crescimento do seu neg\u00f3cio.<\/p>\n\n\n\n<div class=\"wp-block-buttons is-layout-flex wp-block-buttons-is-layout-flex\">\n<div class=\"wp-block-button is-style-default\"><a class=\"wp-block-button__link has-neve-text-color-color has-nv-text-dark-bg-background-color has-text-color has-background wp-element-button\" href=\"https:\/\/vadebyte.com\/index.php\/15c42-web-agency-gb-contact-us-2\/\">CONTRATAR<\/a><\/div>\n<\/div>\n\n\n\n<p><\/p>\n\n\n\n<figure class=\"wp-block-image size-full is-style-default\"><img decoding=\"async\" width=\"1920\" height=\"1280\" src=\"https:\/\/vadebyte.com\/wp-content\/uploads\/2023\/02\/passenger-g045a38eaa_1920.jpg\" alt=\"\" class=\"wp-image-629\" srcset=\"https:\/\/vadebyte.com\/wp-content\/uploads\/2023\/02\/passenger-g045a38eaa_1920.jpg 1920w, https:\/\/vadebyte.com\/wp-content\/uploads\/2023\/02\/passenger-g045a38eaa_1920-300x200.jpg 300w, https:\/\/vadebyte.com\/wp-content\/uploads\/2023\/02\/passenger-g045a38eaa_1920-1024x683.jpg 1024w, https:\/\/vadebyte.com\/wp-content\/uploads\/2023\/02\/passenger-g045a38eaa_1920-768x512.jpg 768w, https:\/\/vadebyte.com\/wp-content\/uploads\/2023\/02\/passenger-g045a38eaa_1920-1536x1024.jpg 1536w, https:\/\/vadebyte.com\/wp-content\/uploads\/2023\/02\/passenger-g045a38eaa_1920-930x620.jpg 930w\" sizes=\"(max-width: 1920px) 100vw, 1920px\" \/><\/figure>\n<\/div>\n<\/div>\n\n\n\n<div style=\"height:40px\" aria-hidden=\"true\" class=\"wp-block-spacer\"><\/div>\n<\/div><\/div>\n\n\n\n<div class=\"wp-block-cover alignfull\" style=\"min-height:420px;aspect-ratio:unset;\"><span aria-hidden=\"true\" class=\"wp-block-cover__background has-nv-site-bg-background-color has-background-dim-100 has-background-dim\"><\/span><div class=\"wp-block-cover__inner-container is-layout-flow wp-block-cover-is-layout-flow\">\n<div style=\"height:80px\" aria-hidden=\"true\" class=\"wp-block-spacer\"><\/div>\n\n\n\n<div class=\"wp-block-columns alignwide is-layout-flex wp-container-core-columns-is-layout-9d6595d7 wp-block-columns-is-layout-flex\">\n<div class=\"wp-block-column ticss-4ce656f1 is-layout-flow wp-block-column-is-layout-flow\"><div class=\"wp-block-image icon-style is-style-rounded\">\n<figure class=\"aligncenter size-thumbnail is-resized\"><img decoding=\"async\" src=\"https:\/\/vadebyte.com\/wp-content\/uploads\/2023\/02\/Verified-150x150.png\" alt=\"\" class=\"wp-image-634\" width=\"72\" height=\"72\" srcset=\"https:\/\/vadebyte.com\/wp-content\/uploads\/2023\/02\/Verified-150x150.png 150w, https:\/\/vadebyte.com\/wp-content\/uploads\/2023\/02\/Verified-300x300.png 300w, https:\/\/vadebyte.com\/wp-content\/uploads\/2023\/02\/Verified.png 512w\" sizes=\"(max-width: 72px) 100vw, 72px\" \/><\/figure>\n<\/div>\n\n\n<h3 class=\"has-text-align-center has-neve-text-color-color has-text-color wp-block-heading\">Voc\u00ea tem uma id\u00e9ia incr\u00edvel e \u00fanica?<\/h3>\n\n\n\n<p class=\"has-text-align-center has-neve-text-color-color has-text-color\" style=\"font-size:15px\">Com servi\u00e7os de consultoria que avaliam ideias, re\u00fanem dados, mapeiam problemas a serem resolvidos e garantem que o caminho tomado adicionar\u00e1 valor ao neg\u00f3cio, ajudamos voc\u00ea a tirar sua id\u00e9ia do papel desenvolvendo projetos 100% personalizados. Seja um portal, plataforma, sistema corporativo, aplicativo ou integra\u00e7\u00e3o voc\u00ea ter\u00e1 a solu\u00e7\u00e3o mais adequada.<\/p>\n\n\n\n<div style=\"height:20px\" aria-hidden=\"true\" class=\"wp-block-spacer\"><\/div>\n<\/div>\n\n\n\n<div class=\"wp-block-column ticss-f6fc7494 is-layout-flow wp-block-column-is-layout-flow\"><div class=\"wp-block-image icon-style is-style-default\">\n<figure class=\"aligncenter size-thumbnail is-resized\"><img decoding=\"async\" src=\"https:\/\/vadebyte.com\/wp-content\/uploads\/2023\/02\/Responsive-150x150.png\" alt=\"\" class=\"wp-image-636\" width=\"72\" height=\"72\" srcset=\"https:\/\/vadebyte.com\/wp-content\/uploads\/2023\/02\/Responsive-150x150.png 150w, https:\/\/vadebyte.com\/wp-content\/uploads\/2023\/02\/Responsive-300x300.png 300w, https:\/\/vadebyte.com\/wp-content\/uploads\/2023\/02\/Responsive.png 512w\" sizes=\"(max-width: 72px) 100vw, 72px\" \/><\/figure>\n<\/div>\n\n\n<h3 class=\"has-text-align-center has-neve-text-color-color has-text-color wp-block-heading\">Sustenta\u00e7\u00e3o e evolu\u00e7\u00e3o<\/h3>\n\n\n\n<p class=\"has-text-align-center has-neve-text-color-color has-text-color\" style=\"font-size:15px\">A rotina nos  processos di\u00e1rios e os cuidados com seu ativos s\u00e3o a alma do neg\u00f3cio. Quer ajuda na manuten\u00e7\u00e3o, cuidados e continuidade no  desenvolvimento de novas funcionalidades para seus sistemas? Ajudamos na montagem da squad mais adequada para as suas necessidades e organizamos seus processos de tecnologia, como CI\/CD e gest\u00e3o de base de c\u00f3digo.<\/p>\n\n\n\n<div style=\"height:20px\" aria-hidden=\"true\" class=\"wp-block-spacer\"><\/div>\n<\/div>\n\n\n\n<div class=\"wp-block-column ticss-a5b4df29 is-layout-flow wp-block-column-is-layout-flow\"><div class=\"wp-block-image icon-style is-style-default\">\n<figure class=\"aligncenter size-thumbnail is-resized\"><img decoding=\"async\" src=\"https:\/\/vadebyte.com\/wp-content\/uploads\/2023\/02\/Settings-150x150.png\" alt=\"\" class=\"wp-image-637\" width=\"72\" height=\"72\" srcset=\"https:\/\/vadebyte.com\/wp-content\/uploads\/2023\/02\/Settings-150x150.png 150w, https:\/\/vadebyte.com\/wp-content\/uploads\/2023\/02\/Settings-300x300.png 300w, https:\/\/vadebyte.com\/wp-content\/uploads\/2023\/02\/Settings.png 512w\" sizes=\"(max-width: 72px) 100vw, 72px\" \/><\/figure>\n<\/div>\n\n\n<h3 class=\"has-text-align-center has-neve-text-color-color has-text-color wp-block-heading\">Sites e plataformas<\/h3>\n\n\n\n<p class=\"has-text-align-center has-neve-text-color-color has-text-color\" style=\"font-size:15px\">Plataformas e servi\u00e7os de tecnologia s\u00e3o cruciais em v\u00e1rios aspectos, incluindo a velocidade na configura\u00e7\u00e3o e ativa\u00e7\u00e3o de novos servi\u00e7os. Nosso DNA inclui solu\u00e7\u00f5es profissionais para desenvolvimento, gest\u00e3o e evolu\u00e7\u00e3o do seu site ou loja virtual com melhores plataformas digitais. <\/p>\n\n\n\n<p class=\"has-text-align-center has-neve-text-color-color has-text-color\" style=\"font-size:12px\">* Utilizamos o WordPress, WooCommerce e Shopify em nossos projetos. <\/p>\n\n\n\n<div style=\"height:20px\" aria-hidden=\"true\" class=\"wp-block-spacer\"><\/div>\n<\/div>\n<\/div>\n\n\n\n<div style=\"height:30px\" aria-hidden=\"true\" class=\"wp-block-spacer\"><\/div>\n<\/div><\/div>\n","protected":false},"excerpt":{"rendered":"","protected":false},"author":1,"featured_media":0,"parent":0,"menu_order":0,"comment_status":"closed","ping_status":"closed","template":"","meta":{"neve_meta_sidebar":"","neve_meta_container":"","neve_meta_enable_content_width":"","neve_meta_content_width":0,"neve_meta_title_alignment":"","neve_meta_author_avatar":"","neve_post_elements_order":"","neve_meta_disable_header":"","neve_meta_disable_footer":"","neve_meta_disable_title":"","_themeisle_gutenberg_block_has_review":false,"footnotes":""},"class_list":["post-408","page","type-page","status-publish","hentry"],"_links":{"self":[{"href":"https:\/\/vadebyte.com\/index.php\/wp-json\/wp\/v2\/pages\/408","targetHints":{"allow":["GET"]}}],"collection":[{"href":"https:\/\/vadebyte.com\/index.php\/wp-json\/wp\/v2\/pages"}],"about":[{"href":"https:\/\/vadebyte.com\/index.php\/wp-json\/wp\/v2\/types\/page"}],"author":[{"embeddable":true,"href":"https:\/\/vadebyte.com\/index.php\/wp-json\/wp\/v2\/users\/1"}],"replies":[{"embeddable":true,"href":"https:\/\/vadebyte.com\/index.php\/wp-json\/wp\/v2\/comments?post=408"}],"version-history":[{"count":0,"href":"https:\/\/vadebyte.com\/index.php\/wp-json\/wp\/v2\/pages\/408\/revisions"}],"wp:attachment":[{"href":"https:\/\/vadebyte.com\/index.php\/wp-json\/wp\/v2\/media?parent=408"}],"curies":[{"name":"wp","href":"https:\/\/api.w.org\/{rel}","templated":true}]}}